hat is the greatest common factor of g and z?
7
Suppose 0 = -11*f + 17*f - 6. Let z be f - 3/2*-10. Calculate the greatest common factor of 4 and z.
4
Let r be 1 - 0 - 2*-1. Suppose 7*t - 72 = r*t. Let y(g) = g**3 + g - 3. Let j be y(3). Calculate the highest common divisor of t and j.
9
Let n be (-40)/(-4) - (-9 + 2) - 6. Suppose -217 + 24 = -2*c - d, c + d - 94 = 0. What is the highest common factor of c and n?
11
Let q = 5263 - 3058. Calculate the greatest common divisor of q and 210.
105
Suppose -6*b - 4*t = -3*b - 57, -4*b - 2*t + 76 = 0. Let c(w) = -w**3 + 7*w**2 - 2*w - 5. Let x be c(6). What is the greatest common factor of b and x?
19
Let n(f) = 0*f - 2*f**2 - 3*f + 5 - 4*f - 11*f. Let d be n(-8). Suppose d = 7*m - 49. What is the greatest common factor of 40 and m?
10
Suppose -6*m = -7*m. Let g be 179 - -1*(1 - 2). Suppose 5*q + 3 - g = m. What is the highest common factor of q and 5?
5
Let i be (-2734)/(-6) - (4 - 65/15). Calculate the greatest common factor of 57 and i.
57
Suppose -6*q + 6 = -3*q. Let r be q - (3/1 - 26). Let t be 2205/r - 2/10. What is the highest common divisor of 8 and t?
8
Let m = 40 - 17. Suppose m = 5*t - 4*w, -3 + 12 = 3*t - 4*w. Calculate the highest common divisor of t and 63.
7
Suppose 21 = 3*v - 2*v. Suppose -d + 2*d = -h + v, -4*h + 60 = -2*d. Calculate the greatest common factor of 119 and h.
17
Let f(k) be the third derivative of -k**6/60 - k**5/12 - k**4/3 - 5*k**3/6 - 54*k**2. Let c be f(-3). What is the greatest common factor of c and 42?
14
Let o be (4 - (-6)/(-6)) + -6. Suppose 4*x + r - 2*r = -10, -5*x - 4 = 3*r. Let l be (x + (9 - o))*11. What is the greatest common factor of l and 22?
22
Let l(o) = -5*o**3 - 2*o**2 - 18. Let r be l(-3). What is the highest common divisor of r and 12?
3
Suppose 4*w - 4764 = -x + 1624, -1584 = -w + 3*x. What is the greatest common divisor of 21 and w?
21
Let p be (-4)/(1/21 - 9/27). Let b(r) = -25*r + 4. Let j be b(-6). What is the highest common divisor of j and p?
14
Let n = 149 + 1. Suppose -5*j = -5*h - 290, 4*h - 4 = 2*h. Calculate the greatest common divisor of n and j.
30
Let d = 13 - 7. Let b be (-54)/117 - (-6912)/104. What is the highest common divisor of d and b?
6
Let l(y) = y**3 - 37*y**2 + 35*y + 116. Let c be l(36). What is the greatest common factor of c and 32?
16
Suppose -5*k = 6 - 1. Let r be 8/(4/(-8) - k). Let d = r - -4. What is the highest common factor of 20 and d?
20
Let w(o) = o**2 - 10*o + 4. Let p be w(10). Suppose -4*u + 92 = -8. Suppose -61 + u = -d. What is the greatest common divisor of p and d?
4
Let q be (-20)/4*(-1920)/150. What is the greatest common divisor of q and 272?
16
Suppose 12*p - 641 - 763 = 0. Calculate the highest common factor of 52 and p.
13
Let g(q) = -2*q**3 - 2*q**2 - 11. Let s be g(-3). Let p = s - -38. Calculate the greatest common divisor of 7 and p.
7
Let m be 45/6*168/10. Suppose 2*i - 4*o = -28 + 2, -4*o = 3*i - 11. Let p be (2 - 1*-15) + i. Calculate the highest common factor of p and m.
14
Let r = 17 + -12. Suppose i - 8 = -1. Let c(q) = q**3 - 7*q**2 + 5. Let h be c(i). What is the highest common factor of h and r?
5
Let n = -1310 + 1317. What is the highest common divisor of n and 133?
7
Let s = 22 + -22. Suppose 2*u - 39 + 5 = s. Calculate the greatest common factor of u and 170.
17
Let q be (6/(-8)*138/207)/((-8)/96). Suppose -4*r - 2 = -d - 7, -18 = -3*r - 4*d. What is the greatest common factor of q and r?
2
Suppose 79*m - 80*m + 416 = 0. Calculate the highest common divisor of m and 64.
32
Let l be 8/(-6)*(-36)/6. Suppose -l*n + 40 = -3*n. Calculate the highest common factor of 88 and n.
8
Let d = -153 - -160. What is the highest common factor of 63 and d?
7
Let j be ((-6)/15)/((-4)/230). What is the greatest common divisor of j and 115?
23
Suppose -4*j = -2*z - 48, 0 = -2*j - 3*j - 2*z + 60. Let q = 11 - j. Let x be 184 + -5 + (q - -2). Calculate the greatest common divisor of 18 and x.
18
Suppose -4*g + 3*q + 117 = 0, 5*g - 166 + 28 = q. Let s be 56/9 - 6/g. Suppose -w + 12 = -0*w + 2*d, 2*d = 8. What is the greatest common divisor of s and w?
2
Let k(m) = -22*m + 18. Let x be k(-3). What is the highest common factor of x and 36?
12
Let h be 15/(-4) + (-1)/4. Suppose 0 = 12*m - 29 + 89. Let k = h - m. What is the greatest common factor of k and 1?
1
Suppose 0 = 21*h - 87 - 18. What is the greatest common divisor of 125 and h?
5
Let i = 65 - 7. Suppose i = p - 0*p. What is the greatest common factor of 29 and p?
29
Suppose 0 = 4*d - t - 161, 5*d - 2*t = 160 + 42. What is the greatest common factor of d and 520?
40
Let m = -20 - -36. Suppose -725 = -5*x - 4*a - a, -x + 2*a = -142. What is the highest common divisor of m and x?
16
Suppose -245 = 15*o - 22*o. Calculate the greatest common divisor of o and 14.
7
Let u = -53 + 53. Let o be 3 + (46 - 4) + u. Calculate the highest common factor of o and 30.
15
Suppose n + n + 50 = 3*y, y - 11 = -5*n. Let b = -49 + 73. Suppose -j = 3*z - b - y, 0 = 5*z + 4*j - 69. What is the greatest common divisor of 52 and z?
13
Let p(n) = -n**3 - 22*n**2 + 46*n - 29. Let o be p(-24). Calculate the greatest common divisor of o and 76.
19
Suppose 3*u + 4*w - 2156 = -u, -2*w = 3*u - 1615. Let t be 1*(-12)/16 + u/12. Let x(o) = -o + 7. Let r be x(3). What is the greatest common factor of t and r?
4
Let m be 189/7*(-5)/(-5). Suppose -3*o + 105 = -5*p + 34, 0 = 5*o - 3*p - 129. Calculate the highest common divisor of m and o.
27
Let s = 58 - 63. Let g = -3 - s. Calculate the highest common divisor of g and 9.
1
Let k(v) = 7*v + 16. Let q be k(-7). Let w be ((-6)/(-9))/((-2)/(-3)) - q. What is the greatest common factor of w and 17?
17
Let d = -115 + 143. What is the highest common factor of 350 and d?
14
Suppose 2*q = -28 + 90. Suppose 26*m = q*m - 160. Calculate the greatest common divisor of m and 96.
32
Let l = -34 + 98. Let q = 91 - l. Suppose 5*m + 55*p = 59*p + 655, -4*p + 20 = 0. What is the highest common divisor of m and q?
27
Let f(d) = 18*d - 15. Let p be 81/18 + 0 - 3/2. Let x be f(p). Calculate the greatest common factor of x and 273.
39
Let g(w) = w**3 + 18. Let f be g(0). Let p(z) = -z**2 + 6*z. Let u be p(5). Suppose -u*m = -4*m - 12. Calculate the greatest common factor of m and f.
6
Let b(j) = -34*j - 24. Let w be b(-3). Suppose 8 = 4*x, 2*h - w = h - 3*x. Calculate the greatest common divisor of h and 9.
9
Let t = -1497 + 1849. What is the highest common divisor of t and 616?
88
Suppose 3*k + 4*h + 1044 = 7*k, -2*h - 258 = -k. Suppose 5*j + 6*j = 264. What is the greatest common factor of k and j?
24
Let u = -552 + 547. Let v(l) be the second derivative of -l**3/6 + l**2 - l. Let b be v(u). Calculate the highest common factor of b and 21.
7
Suppose 2*r + 0*r = 18. Let l(m) = m - 9. Let i be l(r). Suppose i = -v + 3*b - 4, -v + 44 = 4*v + b. Calculate the highest common factor of v and 24.
8
Let i be (21/(-4) - 1/(-4))*-7. Let n = i + 64. What is the greatest common factor of 9 and n?
9
Let p be 2*5/(-2) - 1. Let n = 8 - p. What is the greatest common divisor of n and 154?
14
Let g be ((66/(-8))/1)/(695/(-86180)). Calculate the highest common divisor of g and 279.
93
Suppose -220 = -d + 5*u, -5*u - 640 = -4*d + d. Let q be (5/(-25))/((-2)/470) - 5. Calculate the greatest common factor of d and q.
42
Let d(q) = -2*q - 16. Let r be d(-4). Let a(o) = -2*o - 7. Let j be a(r). What is the greatest common factor of j and 36?
9
Let h = -98 - -290. Suppose 85 = 5*c - 75. What is the highest common factor of h and c?
32
Let r = 138 - 194. Let o = 59 + r. What is the highest common divisor of 30 and o?
3
Let h(i) = 843*i**2 - 5*i + 2. Let x be h(1). Calculate the highest common divisor of x and 8.
8
Let h = 256 - 96. Let b(k) = -k**3 + 49*k**2 - 91*k - 121. Let t be b(47). What is the highest common divisor of t and h?
20
Let w(c) = c**2 - 9*c + 5. Let u be w(9). Suppose -3*j = -8*j - 5. Let x(y) = 3*y**2 + 2*y + 1. Let d be x(j). What is the greatest common factor of u and d?
1
Let b be 89 - (-1 - 1)/2. Suppose 0 = -72*n + 64*n + 144. What is the highest common factor of b and n?
18
Let c = -2 - -9. Suppose 5*d + z - 35 - 4 = 0, -2*d + 4*z - 2 = 0. What is the greatest common factor of c and d?
7
Let t be (-14 - -4)/(-2) + 1 + -2. Let w be (1 - 7)*(3 - 4). 